 is f(4)?
-35
Let s(i) = -i**3 - 89*i**2 + 2*i + 183. What is s(-89)?
5
Let b(m) = 2*m**2 - 13*m - 45. Give b(9).
0
Let y(h) = -h**2 - 10*h + 40. What is y(-14)?
-16
Let c(f) = f**2 - 23*f + 32. Give c(20).
-28
Let m(t) = 8*t**3 - 2*t + 1. Calculate m(1).
7
Let l(n) = n**3 - 11*n**2 + 11*n - 14. Give l(10).
-4
Let i(f) = 3*f - 14. Determine i(2).
-8
Let x(n) = n**2 + 8*n - 5. Give x(-6).
-17
Let h(m) = -m**2 - 9*m - 4. Determine h(-9).
-4
Let r(d) = -d**3 - 30*d**2 - 59*d - 91. What is r(-28)?
-7
Let p(v) = v**3 - 13*v**2 + 5*v - 67. Determine p(13).
-2
Let h(a) = -3*a**2 - 43*a - 46. Determine h(-13).
6
Let t(x) = -x**3 + 14*x**2 - 23*x - 1. Give t(12).
11
Let p(j) = j**3 + 5*j**2 - 6*j + 6. Give p(-7).
-50
Let i(z) = 31*z**3 + 2*z**2 - z. Calculate i(1).
32
Let p(s) = -s**2 - s + 12. Determine p(-4).
0
Let j(t) = 2*t**3 + 57*t**2 - 30*t - 34. Determine j(-29).
-5
Let h(t) = -5*t**2 + 11*t + 9. Calculate h(4).
-27
Let g(t) = 5*t + 38. Determine g(-12).
-22
Let s(q) = -15*q - 61. Determine s(-6).
29
Let w(x) = x**3 + 7*x**2 - 3*x - 9. Give w(-7).
12
Let p(z) = 15*z - 185. Determine p(13).
10
Let u(l) = 3*l + 121. Give u(-38).
7
Let p(w) = w**2 - 3*w - 1. Give p(1).
-3
Let n(u) = 140*u + 1135. Give n(-8).
15
Let x(r) = r**2 + 8*r + 12. Calculate x(-11).
45
Let p(y) = y**3 - 6*y**2 - 10*y + 10. Determine p(7).
-11
Let q(d) = d**3 + 10*d**2 + 9*d + 14. Calculate q(-10).
-76
Let h(q) = -q**2 - q + 34. Give h(0).
34
Let u(t) = t**2 + 5*t - 7. Give u(-5).
-7
Let r(j) = 5*j + 2. Calculate r(-1).
-3
Let h(n) = n + 4. Determine h(6).
10
Let h(p) = -p**2 - 2*p - 6. Determine h(-4).
-14
Let q(g) = 18*g - 21. Determine q(-7).
-147
Let l(g) = -2*g**3 + 66*g**2 + 64*g + 131. Give l(34).
-5
Let d(r) = r**2 - 15*r + 10. Give d(9).
-44
Let o(q) = 28*q - 149. What is o(5)?
-9
Let j(b) = 2*b. What is j(-3)?
-6
Let v(q) = q**2 - 3*q - 6. What is v(4)?
-2
Let f(h) = -3*h - 2. What is f(-8)?
22
Let u(y) = -4*y**2 - 79*y - 80. Calculate u(-1).
-5
Let s(l) = -l**3 + 6*l**2 + 10*l + 7. Give s(8).
-41
Let x(m) = 10*m + 16. Give x(-6).
-44
Let t(i) = 53*i + 4. Determine t(-3).
-155
Let r(k) = -k**2 - 10*k. Give r(-9).
9
Let j(o) = -3*o + 27. Give j(10).
-3
Let o(n) = -n**3 - 9*n**2 + 13*n + 2. Give o(-11).
101
Let o(u) = -u**2 + 21*u - 57. What is o(18)?
-3
Let m(n) = n**2 + n - 13. Determine m(0).
-13
Let p(z) = 25*z**2 + 7*z - 8. What is p(1)?
24
Let v(s) = 2*s**2 - 29*s + 66. Give v(12).
6
Let y(r) = -4*r**2 + r - 3. Calculate y(2).
-17
Let j(n) = 16*n - 94. What is j(6)?
2
Let x(i) = 2*i**2 - i + 2. What is x(-2)?
12
Let y(a) = -a**3 + 21*a**2 - 36*a - 25. Calculate y(19).
13
Let s(j) = -j**2 + 12*j + 1. What is s(9)?
28
Let p(n) = 6*n + 2. What is p(-1)?
-4
Let y(q) = 39*q - 148. Calculate y(4).
8
Let x(k) = 2*k**2 + 9*k - 89. Determine x(6).
37
Let j(r) = -r**3 + 13*r**2 - 13*r + 22. What is j(12)?
10
Let o(h) = h**2 - 7*h - 6. Give o(7).
-6
Let n(q) = q + 5. Calculate n(-3).
2
Let p(k) = k**3 - k**2 + 4*k - 29. What is p(3)?
1
Let y(j) = -j**3 + 10*j**2 + 13*j + 5. Determine y(11).
27
Let u(a) = a**3 + 7*a**2 + 8*a + 10. Give u(-6).
-2
Let i(h) = 3*h + 2. Calculate i(4).
14
Let g(i) = -62*i - 574. What is g(-9)?
-16
Let o(m) = m + 10. What is o(-13)?
-3
Let y(x) = x + 1. Calculate y(-1).
0
Let f(x) = -x**2 + 12*x. What is f(17)?
-85
Let g(j) = -3*j**2 + j - 6. Determine g(-3).
-36
Let j(c) = -6*c**3 + 2*c**2 + 3*c + 2. What is j(-1)?
7
Let o(u) = 2*u + 5. Give o(-2).
1
Let q(g) = -2*g**2 + 109*g + 63. Calculate q(55).
8
Let a(b) = 36*b + 2. What is a(2)?
74
Let p(h) = h**2 - 15*h + 28. Determine p(2).
2
Let l(d) = -2*d**2 + 62*d - 42. Determine l(30).
18
Let n(u) = u**3 - 18*u**2 + 34*u - 33. Calculate n(16).
-1
Let s(a) = a**3 - 26*a**2 - 91*a + 111. Calculate s(29).
-5
Let c(n) = 2*n**2 + 49*n + 109. Determine c(-22).
-1
Let x(d) = 22*d**3 + 2*d**2 + d. Determine x(-1).
-21
Let c(q) = -9*q + 62. Calculate c(7).
-1
Let t(l) = l**3 + 5*l**2 - l + 8. Determine t(-5).
13
Let g(p) = 2*p**2 + 21*p + 8. Calculate g(-9).
-19
Let q(i) = i**3 + 9*i**2 - 53*i - 16. Give q(-13).
-3
Let x(m) = -27*m - 3. Determine x(1).
-30
Let g(w) = 10*w**3 - w**2 + 1. Calculate g(1).
10
Let f(x) = x**2 - x + 3. Determine f(0).
3
Let u(j) = j**3 - 7*j**2 + 19*j - 85. Determine u(6).
-7
Let a(u) = 7*u + 68. Give a(-8).
12
Let z(w) = -14*w + 2. Determine z(0).
2
Let x(t) = t**2 - 7*t - 9. Determine x(5).
-19
Let v(p) = p**3 + 16*p**2 + 5*p + 15. Determine v(-16).
-65
Let u(l) = l**2 - 4*l - 25. Determine u(8).
7
Let u(z) = z - 14. Calculate u(8).
-6
Let c(g) = g**2 - 6*g - 17. What is c(-3)?
10
Let b(y) = -y**2 + 13*y + 11. Give b(14).
-3
Let z(a) = -a**3 - 7*a**2 - 6*a - 5. Calculate z(-6).
-5
Let b(z) = -z**3 + 28*z**2 - 27*z + 5. What is b(27)?
5
Let j(t) = 7*t + 6. Determine j(-5).
-29
Let r(d) = 13*d**2 - 2*d - 1. Give r(-1).
14
Let b(u) = 8*u + 57. Determine b(-10).
-23
Let k(l) = l**3 + 3*l + 4. Give k(3).
40
Let a(c) = -c**2 - 3*c + 26. Calculate a(-8).
-14
Let t(x) = -2*x**3 + 5*x**2 - 4*x + 12. What is t(3)?
-9
Let t(l) = -l**2 - 9*l - 6. What is t(-7)?
8
Let y(m) = -m + 11. Determine y(0).
11
Let u(r) = 4*r - 1. Determine u(5).
19
Let f(y) = -y - 87. Give f(0).
-87
Let s(g) = 12*g**3 + g**2 + g - 2. What is s(1)?
12
Let x(l) = -l**3 + 13*l**2 + 17*l - 37. What is x(14)?
5
Let j(y) = y + 15. Determine j(-10).
5
Let i(u) = -6*u**2 - 24*u + 6. Determine i(-5).
-24
Let d(k) = -4*k**2 + 16*k + 23. Give d(-2).
-25
Let a(o) = -o**2 - 18*o + 53. Calculate a(-22).
-35
Let m(q) = -q**3 + 13*q**2 - 13*q + 11. What is m(12)?
-1
Let p(m) = 43*m**2 - 2*m + 1. Calculate p(1).
42
Let w(l) = -l**3 - 6*l**2 + 1. Calculate w(-4).
-31
Let i(c) = -35*c + 107. What is i(3)?
2
Let p(a) = a**2 + 3*a + 10. Determine p(-4).
14
Let f(x) = -x**2 - 4*x. Give f(3).
-21
Let f(b) = -b**2 + 29*b - 140. Calculate f(18).
58
Let z(c) = -c**3 + 17*c**2 + 40*c - 46. Calculate z(19).
-8
Let x(f) = f**2 - 13*f + 9. Determine x(6).
-33
Let n(f) = 2*f**3 + 6*f**2 + 5*f + 4. What is n(-2)?
2
Let t(b) = -b**3 - b**2 + 8*b + 8. Determine t(-3).
2
Let w(f) = -f**2 + 2*f + 1. Give w(3).
-2
Let f(b) = -b**3 + 16*b**2 - 18*b + 14. Give f(15).
-31
Let a(l) = l**3 - 7*l**2 - l + 1. What is a(7)?
-6
Let b(n) = -n**2 + 2*n + 2. What is b(4)?
-6
Let u(j) = 6*j**2 - 5*j + 5. Determine u(4).
81
Let c(z) = z + 33. Give c(-17).
16
Let y(t) = -t**2 + 21*t + 54. Calculate y(22).
32
Let n(z) = -z**3 + 8*z**2 - 10*z + 2. What is n(6)?
14
Let h(a) = a**2 - 6*a - 8. Calculate h(6).
-8
Let s(a) = -a**2 + 3*a + 3. What is s(7)?
-25
Let f(b) = b**3 - 7*b**2 - 4*b + 19. Calculate f(7).
-9
Let c(z) = 2*z**2 + z + 4. Calculate c(-2).
10
Let c(h) = 19*h - 7. What is c(0)?
-7
Let y(s) = -s**2 + 8*s - 22. What is y(9)?
-31
Let u(h) = -h**3 - 5*h**2 - h - 3. Calculate u(-3).
-18
Let v(z) = -z**3 + 5*z**2 - 15*z + 37. Calculate v(3).
10
Let l(z) = 11*z - 9. Determine l(2).
13
Let i(g) = 4*g**2 + 21*g + 45. Calculate i(-4).
25
Let j(h) = -h**2 - 15*h - 11. What is j(-12)?
25
Let p(d) = -3*d**2 - 11*d - 4. What is p(-4)?
-8
Let t(m) = m**3 - 5*m**2 + 9. What is t(4)?
-7
Let p(b) = -b - 9. Give p(-11).
2
Let d(k) = -k**2 - 7*k - 15. Determine d(-5).
-5
Let a(x) = 4*x**2 - 19*x + 60. Calculate a(4).
48
Let i(n) = n - 44. Determine i(0).
-44
Let j(t) = -t**3 - 9*t**2 + 9*t - 11. Calculate j(-10).
-1
Let l(i) = 3*i + 13. Give l(-7).
-8
Let c(x) = -4*x**2 - 22*x + 8. Determine c(-6).
-4
Let r(d) = -3*d - 18. Calculate r(-5).
-3
Let d(x) = -29*x - 41. Determine d(-2).
17
Let k(m) = -3*m**3 - 3*m. What is k(2)?
-30
Let a(w) = -w - 7. Calculate a(14).
-21
Let m(z) = 4*z + 35. Determine m(-9).
-1
Let d(h) = -67*h**2 + h. Calculate d(-1).
-68
Let f(v) = v**3 + 15*v**2 - v - 10. Calculate f(-15).
5
Let m(g) = -12*g + 319. What is m(26)?
7
Let r(a) = 4*a + 2. Calculate r(6).
26
Let v(c) = -2*c**3 - 2*c + 1. What is v(1)?
-3
Let h(f) = -4*f**2 + 25*f + 6. Determine h(7).
-15
Let m(h) = h**3 + 23*h**2 + 20*h - 52. Determine m(-22).
-8
Let k(a) = 11*a**2 + 20*a + 18. What is k(-1)?
9
Let c(j) = -25*j - 126. Determine c(-7).
49
Let t(v) = 5*v. Give t(-5).
-25
Let v(z) = -z**2 - 9*z - 2. Calculate v(-10).
-12
Let h(v) = -18*v - 6. Calculate h(4).
-78
Let m(z) = 9*z + 4. Give m(-1).
-5
Let o(h) = -h**2 + 2*h + 15. Calculate o(6).
-9
Let r(x) = -x**2 - x + 6. What is r